- 2375. Calculate the remainder when v is divided by 22.
17
Let c = 222 + -191. What is the remainder when ((-44)/(-18) - -4)/((-18)/(-162)) is divided by c?
27
Suppose -2*v + 16 = -18. Suppose 8*q - 568 = 1112. Suppose 15*f = -5*c + 12*f + q, -2*c + 115 = -5*f. What is the remainder when c is divided by v?
11
Suppose 826 = -41*z + 11814. Calculate the remainder when 1339 is divided by z.
267
What is the remainder when (-42)/6 + (-2 - (-2099 + -3 - 6)) is divided by 105?
104
Suppose -20 = 5*x - 4*y - 133, -x + 2*y + 25 = 0. Suppose 2*s = 5*r - 712, 3*r = r - 3*s + 300. What is the remainder when r is divided by x?
18
Let m be 14/(-4)*(-6804)/441. Suppose 6*c + m = 900. What is the remainder when c is divided by 15?
6
Suppose 78*h = 57*h + 12747. Calculate the remainder when h is divided by 120.
7
Suppose 2*d = -2*n + 354, -2*n = -8*d + 2*d + 1046. What is the remainder when 747 is divided by d?
47
Suppose -5*k = -3*k + 2*k. Suppose k = 213*a - 210*a + 39. Let v = a - -30. Calculate the remainder when v is divided by 3.
2
Let r(d) = 14*d - 28*d + 50 + 20*d. Let z be r(-9). What is the remainder when 152 is divided by z/(-1 + (72/(-26))/(-3))?
48
Suppose -21*f + 171 + 819 = -144. What is the remainder when 755 is divided by f?
53
Suppose 0 = -24*g + 50*g + 56*g - 5330. What is the remainder when 4/(-8)*2 - -182 is divided by g?
51
Let c = -97 + 102. Suppose -4*x + 5*j = -105, 12 = -2*x - c*j + 87. Calculate the remainder when 10*6 - 4/2 is divided by x.
28
Let o(g) = g**3 - 2*g**2 - 7*g + 2. Let c be o(4). Let i be (c + 10)*(-1)/(-2). Suppose 5*p + 345 = i*p. What is the remainder when p is divided by 39?
37
What is the remainder when 2857 is divided by -7 - (-4 + (9 - 17))?
2
Let r = 4433 - 1488. Calculate the remainder when r is divided by 22.
19
Suppose -1987731 = -600*j + 4503069. What is the remainder when j is divided by 349?
348
Let m(l) = -9*l**2 + 44*l + 13. Calculate the remainder when 57 is divided by m(5).
1
Let b(n) = -n**3 + 2*n**2 + 195*n + 549. Calculate the remainder when 2248 is divided by b(-3).
7
Let p(y) = 2*y**2 - 70*y - 733. Calculate the remainder when p(-10) is divided by 120.
47
Suppose 988 - 1023 - 4528 = -169*g. What is the remainder when 68 is divided by g?
14
Let u be (8 + -11)*(-2)/6. Calculate the remainder when 258 is divided by (20/16)/(u/16).
18
Suppose -3*u + 25 = -122. Let t = 51 - u. What is the remainder when t is divided by 1?
0
Let g = -405 - -482. Calculate the remainder when g is divided by 2/7 - (-770)/49.
13
Suppose 5*j - 7*q = -5*q + 316, -q + 130 = 2*j. Calculate the remainder when j is divided by 15.
4
Suppose 3*c + 2*v = 1395 + 525, -2534 = -4*c - 7*v. What is the remainder when c is divided by 59?
54
Suppose 10 = 2*x - a - 246, -2*x + 250 = -4*a. What is the remainder when 16639 is divided by x?
127
Let i = -70 - 123. Let x = i - -267. What is the remainder when 146 is divided by x?
72
Let o be ((-2)/6)/((-42)/18 - -2). Let p be 7*(130/7)/o. Suppose p = -30*v + 35*v. Calculate the remainder when 50 is divided by v.
24
Suppose -790*h + 773*h + 9843 = 0. Calculate the remainder when h is divided by 58.
57
Let b = -3831 + 3843. What is the remainder when 4353 is divided by b?
9
Let x = -10808 + 10950. Calculate the remainder when x is divided by 28.
2
Let q be -1 - 0 - 4/(-1). Let p = -203 - -207. Suppose -617 = -3*d - q*u + 4*u, d + p*u - 197 = 0. What is the remainder when d is divided by 52?
49
Let r = 27 - 23. Suppose -4*i = -4*z + 112, -z + 5*i = -20 - r. What is the remainder when 432 is divided by z?
26
Suppose 5*l = -62 + 77, 2*x = 4*l - 162. Calculate the remainder when ((-72)/(-30))/((-10)/x) is divided by 3.
0
Let f(a) = 41*a - 72. Let d be f(-7). Let z = d + 363. What is the remainder when 98 is divided by z?
2
Let q be -3 + 41/4 + 1/(-4). Suppose -2*o - 2*n - 36 = -q*o, -2*o - 3*n = -3. Calculate the remainder when 69 is divided by 150/24 - o - 110/(-8).
13
Suppose s + 23 - 21 = 2*i, -2*i + 26 = 5*s. What is the remainder when 261 is divided by s?
1
Suppose -124*a + 120*a + 2208 = 0. Calculate the remainder when a is divided by 37.
34
Let b = 26407 + -26391. What is the remainder when (-1)/3 - (-160)/3 is divided by b?
5
What is the remainder when (16 - 14)/((-4)/762*-3) is divided by (-7 + 5)*(-172)/8?
41
Let q be 18 + -18 - (2 - 8). Suppose q*o - 184 = -2*o. Suppose 9*l - 7*l - 8 = 0. What is the remainder when o is divided by l?
3
Suppose 3*h = i + 37, -5*i = -6*h + 11*h - 95. Calculate the remainder when 6592 is divided by h.
12
Let a(j) = 4*j + 68*j**3 - 67*j**3 - 5 - 6*j**2 - 10. Let y = -11 - -17. Calculate the remainder when 41 is divided by a(y).
5
Let p(d) = 18*d - 4. Let n(g) = g**2 - 94*g + 1262. Calculate the remainder when p(4) is divided by n(78).
12
Suppose 3*q - 313 = -79. Let u = q - 40. Suppose -43*z = -19 - 411. Calculate the remainder when u is divided by z.
8
Let y(b) be the third derivative of -5*b**4/6 - 5*b**3/3 - 3*b**2 + 33*b. Calculate the remainder when y(-5) is divided by 14.
6
Let i = -5560 + 5633. Calculate the remainder when 624 is divided by i.
40
Suppose -6 = -3*u - 3, 0 = -3*r - 3*u + 78. Suppose 4*l = r*l - 588. Calculate the remainder when 194 is divided by l.
26
Calculate the remainder when 10344 is divided by ((-13)/(-520)*1592)/((-9)/(-45)).
195
Suppose -48*m + 50*m - 280 = -g, -20 = 2*m. Let j(b) = -b. Calculate the remainder when g is divided by j(-9).
3
Let o = -29 + 26. Let d be (184/(-12) - -4)*o. Let l = -32 + d. What is the remainder when 5 is divided by l?
1
Let r = -26 - -95. Let l(d) = 4*d**2 + 12*d + 8. Suppose 5*q + 31 = 11. What is the remainder when r is divided by l(q)?
21
Suppose 0 = 3*v + 3, 5*m - 9*m = 4*v - 272. Calculate the remainder when 541 is divided by m.
58
Let p = 1651 - 1564. Calculate the remainder when 277 is divided by p.
16
Suppose -5*y - i = 168, i = -4 + 1. Let u = y + 20. Let z(q) = q**3 + 13*q**2 - 10*q - 28. Calculate the remainder when z(u) is divided by 52.
50
Let u(x) = 677*x + 11534. Let v(b) = -58*b + 1. Let y be v(-1). Let c = y + 188. What is the remainder when c is divided by u(-17)?
22
Let c = 197 - 100. Suppose -4*g - 106 = 4*m - 3*g, -5*m - 134 = 2*g. Let k = -6 - m. What is the remainder when c is divided by k?
17
Let u = 3497 - 543. Calculate the remainder when u is divided by 174.
170
Let s = -773 - -796. Calculate the remainder when (-14229)/(-62) - (-2)/(-4) is divided by s.
22
Suppose 0 = -7*g + 36 + 55. Suppose y - 50 = -4*y. Suppose 0 = y*x - 3*x - 175. What is the remainder when x is divided by g?
12
Let g = -76 - -115. Suppose 7*v = -61 + 4422. Calculate the remainder when v is divided by g.
38
Let m(k) be the second derivative of 21*k**5/10 - k**4/4 + k**3 - 2*k**2 - 50*k. Calculate the remainder when m(1) is divided by 11.
8
Let z = 1315 + -1268. What is the remainder when 556*3/(-24)*-2 is divided by z?
45
Suppose 0 = -b + 15*s - 18*s + 59, 0 = -4*b + 3*s + 266. What is the remainder when 366 is divided by b?
41
Let s = 1832 + -903. Calculate the remainder when s is divided by 82.
27
Let a(n) = 6*n**2 - 15*n - 45. Let u = 2 + 6. What is the remainder when a(5) is divided by u?
6
Let u(r) = -2049*r**3 - 2*r**2 - 8*r - 6. What is the remainder when u(-1) is divided by 12?
9
Suppose -14*l = -b - 9*l + 791, 2 = l. What is the remainder when (-19)/(-76) + (b/4)/3 is divided by 14?
11
Suppose -83*x + 79*x = -20. Suppose j + 2*j = -5*f + 498, -x*f = -5*j + 830. What is the remainder when j is divided by 28?
26
Suppose -83*x + 85*x = 8, 5*b = 5*x + 105. What is the remainder when 87 is divided by b?
12
Let v be -3*5/15*3. Let h(d) = -d**3 + d - 5. Calculate the remainder when 54 is divided by h(v).
16
Let l = -11 + 22. Let n = -2960 - -1314. Let z = -1629 - n. Calculate the remainder when z is divided by l.
6
What is the remainder when (-146)/((((-112)/16)/(-84))/(9/(-24))) is divided by 309?
39
Suppose 2673 = 5*t + 30*t - 8*t. What is the remainder when 426 is divided by t?
30
Let g(n) = n - 2. Let t be g(6). Let f = -2145 - -2148. Suppose 2*a + f*o = 59, -3*a + 8*a - t*o = 159. Calculate the remainder when 60 is divided by a.
29
Let p = -12070 + 13674. Calculate the remainder when p is divided by 130.
44
Suppose -14*z - 3*y + 58 = -12*z, -3*z + 100 = -2*y. Suppose s - z = -2*r, 5*r = 6*r